+ 1250324 = 0. What is the hundreds digit of l?
5
Suppose -116 = -2*y - 0*y. Suppose 0*a - y = 2*a. Let v = 21 - a. What is the tens digit of v?
5
Let k(a) = 12*a + 251. Let q be k(-19). What is the hundreds digit of (-8284)/(-30) - q/((-2760)/(-16))?
2
Let a = 257 - 251. What is the hundreds digit of 2*3/a*(1141 - 1)?
1
Let u(k) = k**2 - 3*k - 4. Let z be (1*-4)/(3 + (-20)/5). Suppose p + z + 0 = 0. What is the units digit of u(p)?
4
Let y be -136 + 4/(-16)*-4. Let f = 71 + y. What is the units digit of 2/((-4)/(-21))*f/(-6)?
2
Let z = -13001 - -71423. What is the hundreds digit of z?
4
Let u = -14320 + 26066. What is the hundreds digit of u?
7
Let h = -7325 + 16261. What is the units digit of h?
6
Let a = 1590 + -1583. Let i(q) = 156*q. Let z be i(6). Suppose -2*k - a*k = -z. What is the hundreds digit of k?
1
Suppose -493*a + 494*a = 1, 5*q = 5*a + 193140. What is the tens digit of q?
2
Let g(p) = 9*p + 87. Let a be g(-11). What is the units digit of 2813/6 + 1*(-2)/a?
9
Let v be 58398/27 - (-15)/135. Let a = -1176 + v. What is the tens digit of a?
8
Let l(x) = 70*x**2 - 395*x + 15. What is the thousands digit of l(-8)?
7
Suppose 4*y - 4*h = 28, 3*h + 10 + 7 = y. What is the hundreds digit of (3*y/(-12))/((-1)/440)?
2
Let u(r) = 2*r + 11*r**2 - 9*r**3 - 4*r**3 + 14*r**3 - 1 + 16*r. Let v be u(-9). What is the units digit of (115/(-2))/(v - (-3)/6)?
5
Let m = 10 - 7. Let f be 2/4 - 23/46. Suppose 6*n - m*n - 105 = f. What is the tens digit of n?
3
Let r = -104 - -112. Suppose -12 = a - r. What is the hundreds digit of (79 + 1 - -3)/(-2)*a?
1
Let m(y) = y**3 - 31*y**2 + 58*y - 214. What is the thousands digit of m(36)?
8
Let s = 40235 + -28255. Suppose 1460 = 21*r - s. What is the hundreds digit of r?
6
Suppose -64 = -73*c + 57*c. What is the hundreds digit of -4 + (-18098)/(-10) - c/(-20)?
8
Let v be 1312/416 - (-2)/(-13). Suppose -v*a + 361 = -2*y, -4*a + 3*a + 127 = -4*y. What is the units digit of a?
9
Let j = -137 + 77. Let h = -24 - j. What is the units digit of h?
6
Let v = 28 - 25. Suppose 3*f - 32 = -f + 5*w, -v*w = 4*f. Suppose -d - 130 = -2*o + f*d, -4*d + 20 = 0. What is the units digit of o?
5
Suppose -325685 - 92239 = -11*y - 25*y. What is the units digit of y?
9
Let i(k) = -73*k - 91. Suppose -5*p = 3*c + 2*c + 40, 4*c + 12 = 0. What is the tens digit of i(p)?
7
Let p = -57 + 62. Suppose -20 = p*m + 2*r + 2*r, -5*m - 15 = 3*r. Suppose m = -3*s + 17 - 2. What is the units digit of s?
5
Suppose -7*y = -42, -3*y + 325 + 364 = q. What is the tens digit of q?
7
Let j(c) = -c**3 + 9*c**2 + c - 11. Let y be (-40)/14 - (-1)/(-7). Let p(o) = o**3 + 6*o**2 + 6*o - 2. Let x be p(y). What is the units digit of j(x)?
4
Let w be (-3)/(-6) - 20273/(-22). Suppose 3*m + 1063 = 3*l - 329, 0 = -2*l + 4*m + w. What is the hundreds digit of l?
4
Suppose -45891 - 19695 = -2*r + 3*u, -65616 = -2*r - 2*u. What is the ten thousands digit of r?
3
Let h be 4 - (-6)/(1*6/16). Suppose 0 = 17*z - 360 + h. Suppose 326 = -18*i + z*i. What is the units digit of i?
3
Suppose -s - 26894 = -5*p + 9977, -2*s - 2 = 0. What is the hundreds digit of p?
3
Let t(z) = 45*z + 417. Let c be t(-8). Suppose c*m + 16443 = 78*m. What is the tens digit of m?
8
Let i be (-1)/(((-15)/(-4075))/3). Let k = -324 - i. What is the tens digit of k?
9
Let q be -22*(-4)/8 + 3. Suppose k - 605 = -579. Suppose k*n = 27*n - q. What is the tens digit of n?
1
Suppose -12*n - x = -16*n + 34155, 2*n = -4*x + 17064. What is the hundreds digit of n?
5
Let f be (-13 + (-459)/(-34))*(1 - -19). Suppose 5*i = 3*g - 2039 - 3315, f = 2*i. What is the hundreds digit of g?
7
Suppose -5*s + 3*c + 310 = 0, -2*s + 82 = -c - 43. Suppose -5*r + 82 + 17 = 2*p, -2*r = -3*p - 51. Let m = s + r. What is the tens digit of m?
8
Let s(j) = 28389*j**3 - 16*j**2 + 18*j. What is the ten thousands digit of s(1)?
2
Suppose 0 = -3*b + 4*b - 105. Suppose 47*f = 48*f + 107. Let o = b - f. What is the hundreds digit of o?
2
What is the hundreds digit of (((-401100)/(-48))/35)/((-5)/(-24))?
1
Let k(l) = -l**3 - l**2 - 27*l + 29. Let z be k(-9). Suppose -14820 = -930*j + z*j. What is the units digit of j?
2
Let h(j) = 561*j**2 + 7*j + 32. What is the tens digit of h(-6)?
8
What is the units digit of (-1)/(2/(63020/(-189062)) + (-34 - -40))?
5
Let n(s) = s**3 - 26*s**2 + 62*s - 392. What is the units digit of n(27)?
1
Suppose 92*b = 94*b - 108. What is the units digit of 90711/b - (-1)/6?
0
Suppose -5*a - 31546 = -5*r - 157141, 0 = 2*a + 5*r - 50273. What is the thousands digit of a?
5
Suppose -4*w = c - 67271, -5*w - 313*c = -311*c - 84088. What is the hundreds digit of w?
8
Let u(i) = 7*i**2 + 10*i + 43. Let s be u(-12). Suppose 3*y - s = 824. What is the units digit of y?
5
Let u be 8/(-7)*7/(-2). Suppose -3*a + 338 = 2*t - 107, -570 = -u*a + 2*t. Suppose 3*d - 110 - a = 0. What is the tens digit of d?
8
Let y(q) = 2075*q**3 - q**2 + 11*q - 1. What is the thousands digit of y(2)?
6
Let b(n) = -13*n**3 + 10*n**2 - 87*n - 37. What is the thousands digit of b(-14)?
8
Suppose -600 = 8*s + 2*s. Let j = -56 - s. Suppose 119 = x - 4*v, -j*x + 2*v - 573 = -9*x. What is the hundreds digit of x?
1
Let l = -467 - -126. Let x(t) = -29*t - 51. Let g be x(6). Let f = g - l. What is the tens digit of f?
1
Let f(a) = -a**3 + 43*a**2 - 2*a + 102. Let d be f(43). Suppose 12*s = -d*s + 32928. What is the thousands digit of s?
1
Suppose -36*h + 2 = -35*h. Suppose 5*t + v = -v + 403, 5*v = h*t - 138. Suppose -82*z = -t*z - 639. What is the hundreds digit of z?
2
Let z = 4111 + -879. What is the hundreds digit of z?
2
Let g = -16622 + 67129. What is the ten thousands digit of g?
5
Let u(q) = 29*q**3 - 7*q**2 + 39*q - 103. What is the ten thousands digit of u(9)?
2
Let y be (-6 + 4 + 1 + 1)*1. Suppose 5*t - 2*s - 4796 = y, 4*t + 532 = 3*s + 4366. What is the tens digit of t?
6
Suppose 0 = 29*b - 4*b + 25. What is the tens digit of b + 2 + (-5)/(-1) - -417?
2
Let x(p) = -3*p + 34. Let g be x(8). Let y be (-2)/6*(0 + 0). Suppose y = -g*u + 456 - 26. What is the units digit of u?
3
Let h(s) = 2*s**3 - 24*s**2 + 13*s + 147. What is the units digit of h(25)?
2
Suppose 0*x - 4*a = -2*x, 2*a - 30 = -2*x. Let p be 4/5 + 9352/x. Suppose -p = -7*f - 5*f. What is the units digit of f?
8
Suppose k - 64202 = -4*y - 7924, 0 = -4*k + 8. Suppose 35*p = 24*p + y. What is the thousands digit of p?
1
Suppose -22*k + 140 = 13*k. Suppose -3*c - 4*g = 26, 3*c + g + g + 16 = 0. What is the tens digit of c/(k - 2)*0 - -77?
7
Let b(h) = -h**3 + 4*h**2 + 4*h - 13. Let y be b(4). Suppose -y*w - 424 = -5*w. Let x = w + -149. What is the units digit of x?
3
Let d = 495 - 492. Let i(a) = 141*a + 43. What is the hundreds digit of i(d)?
4
Let k = -15731 - -35005. What is the hundreds digit of k?
2
Let q(u) = -14*u**2 - 397*u - 51. What is the units digit of q(-23)?
4
Suppose 160 = 4*m - 9*m. Let r = -32 - m. Suppose -2*q + 7*q - 805 = r. What is the tens digit of q?
6
Let u = -920 - -14427. What is the thousands digit of u?
3
Suppose 0 = l + 19 - 9. Let m = l - -16. Suppose -4*i = -m*i + 160. What is the tens digit of i?
8
Let u = -2171 + 2281. Suppose 224 = -f + 618. Suppose -u = -4*c + f. What is the hundreds digit of c?
1
Suppose 4*h + l - 4 = 8, -2*h - 5*l = -24. Suppose 2*k - 577 = 3*q, h*k - 7*k + 1477 = 4*q. What is the hundreds digit of k?
2
Let j = -1625 - -2166. What is the hundreds digit of j?
5
What is the tens digit of 67290 + (-19)/(-76)*-28?
8
Let y = 36072 - 26811. What is the tens digit of y?
6
Let t(k) = -k**3 - 13*k**2 + 15*k + 16. Let b be t(-14). Suppose -b*a = -7*a + 950. What is the tens digit of a?
9
Let l(c) = 2401*c + 700. What is the tens digit of l(8)?
0
Let h(j) = 7*j - 16. Let f be 18*(-4 - -3)*-2. Let o = f - 27. What is the units digit of h(o)?
7
Let u(a) = -2*a**3 + 66*a**2 + 2*a - 14. Let h be (37 - 0) + 14 + -7 + -12. What is the tens digit of u(h)?
9
Suppose 0*z = 4*z + 76. Let b(r) = -108 + 338 - 106 - 4*r - 117. What is the tens digit of b(z)?
8
Suppose 4*r + 57 - 145 = -4*l, -5*r + 2*l = -103. Suppose -63 = -r*w + 14*w. What is the units digit of w?
9
Suppose 3*d + 2*s - 17 = -2, d = 5*s + 5. What is the tens digit of (d + 0)*8230/50?
2
Let b(u) be the second derivative of 2*u**4/3 + 5*u**3/6 - 11*u**2 + 78*u. What is the tens digit o